{"id":234,"date":"2019-02-17T12:39:22","date_gmt":"2019-02-17T19:39:22","guid":{"rendered":"http:\/\/mxajfmgl.preview.infomaniak.website\/?post_type=project&#038;p=234"},"modified":"2026-04-07T15:45:09","modified_gmt":"2026-04-07T21:45:09","slug":"ferme-de-layat","status":"publish","type":"project","link":"https:\/\/coraliemonpontet.com\/en\/project\/ferme-de-layat\/","title":{"rendered":"FERME DE LAYAT, farm in agroecology"},"content":{"rendered":"<div class=\"et_pb_section_0 et_pb_section et_section_regular et_block_section\"><div class=\"et_pb_row_0 et_pb_row et_block_row\"><div class=\"et_pb_column_0 et_pb_column et_pb_column_4_4 et-last-child et_block_column et_pb_css_mix_blend_mode_passthrough\"><div class=\"et_pb_image_0 et_pb_image et_pb_module et_block_module\"><span class=\"et_pb_image_wrap\"><img decoding=\"async\" data-src=\"https:\/\/coraliemonpontet.com\/wp-content\/uploads\/2025\/09\/ferme-de-layat-logo-photo.png\" title=\"ferme de layat logo photo\" width=\"1039\" height=\"685\" data-srcset=\"https:\/\/coraliemonpontet.com\/wp-content\/uploads\/2025\/09\/ferme-de-layat-logo-photo.png 1039w, https:\/\/coraliemonpontet.com\/wp-content\/uploads\/2025\/09\/ferme-de-layat-logo-photo-980x646.png 980w, https:\/\/coraliemonpontet.com\/wp-content\/uploads\/2025\/09\/ferme-de-layat-logo-photo-480x316.png 480w\" data-sizes=\"(min-width: 0px) and (max-width: 480px) 480px, (min-width: 481px) and (max-width: 980px) 980px, (min-width: 981px) 1039px, 100vw\" class=\"wp-image-29960 lazyload\" src=\"data:image\/svg+xml;base64,PHN2ZyB3aWR0aD0iMSIgaGVpZ2h0PSIxIiB4bWxucz0iaHR0cDovL3d3dy53My5vcmcvMjAwMC9zdmciPjwvc3ZnPg==\" style=\"--smush-placeholder-width: 1039px; --smush-placeholder-aspect-ratio: 1039\/685;\" \/><\/span><\/div><\/div><\/div><\/div><div class=\"et_pb_section_1 et_pb_section et_section_regular et_block_section\"><div class=\"et_pb_row_1 et_pb_row et_block_row\"><div class=\"et_pb_column_1 et_pb_column et_pb_column_1_2 et_block_column et_pb_css_mix_blend_mode_passthrough\"><div class=\"et_pb_text_0 et_pb_text et_pb_bg_layout_light et_pb_module et_block_module\"><div class=\"et_pb_text_inner\"><h1>FERME DE LAYAT, agro \u00e9cologie<\/h1>\n<p>Aliquam convallis sollicitudin purus. Praesent aliquam, enim at fermentum mollis, ligula massa adipiscing nisl, ac euismod nibh nisl eu lectus. Fusce vulputate sem at sapien. Vivamus leo. Aliquam euismod libero eu enim. Nulla nec felis sed leo placerat imperdiet. Aenean suscipit nulla in justo. Suspendisse cursus rutrum augue. Nulla tincidunt tincidunt mi. Curabitur iaculis, lorem vel rhoncus faucibus, felis magna fermentum augue, et ultricies lacus lorem varius purus. Curabitur eu amet.<\/p>\n<\/div><\/div><\/div><div class=\"et_pb_column_2 et_pb_column et_pb_column_1_2 et-last-child et_block_column et_pb_css_mix_blend_mode_passthrough\"><div class=\"et_pb_text_1 et_pb_text et_pb_bg_layout_light et_pb_module et_block_module\"><div class=\"et_pb_text_inner\"><h2 id=\"fancy-title-9\" class=\"mk-fancy-title simple-style color-single\">CLIENT<\/h2>\n<p class=\"mk-fancy-title simple-style color-single\">Ferme de Layat, ferme agro-logique<\/p>\n<\/div><\/div><div class=\"et_pb_text_2 et_pb_text et_pb_bg_layout_light et_pb_module et_block_module\"><div class=\"et_pb_text_inner\"><h2>SERVICES<\/h2>\n<p>Identit\u00e9 visuelle \/ logo \/ site web \/ illustration<\/p>\n<\/div><\/div><\/div><\/div><\/div><div class=\"et_pb_section_2 et_pb_section et_section_regular et_block_section\"><div class=\"et_pb_row_2 et_pb_row et_block_row\"><div class=\"et_pb_column_3 et_pb_column et_pb_column_1_2 et_block_column et_pb_css_mix_blend_mode_passthrough\"><div class=\"et_pb_text_3 et_pb_text et_pb_bg_layout_light et_pb_module et_block_module\"><div class=\"et_pb_text_inner\"><h3>Cr\u00e9ation du logo<\/h3>\n<p>Pour la ferme de Layat, le logo est non seulement pr\u00e9sent sur leurs r\u00e9seaux sociaux mais aussi sur leurs produits. Il fallait un logo simple et \u00e9pur\u00e9 qui puisse se d\u00e9cliner pour tes petits et grands supports.\u00a0<\/p>\n<p>Une bonne partie du syst\u00e8me agricole de la ferme repose sur l'agro foresterie, l'importance de l'arbre. Il est symbolis\u00e9 \u00e0 travers le Y au centre de Layat. Le cercle vient amener l'id\u00e9e d'\u00e9nergie circulaire, circuit court et cycle de la vie respect\u00e9 mais le cercle est ouvert vers le ciel pour la respiration, l'ouverture d'esprit pour grandir.<\/p>\n<\/div><\/div><\/div><div class=\"et_pb_column_4 et_pb_column et_pb_column_1_2 et-last-child et_block_column et_pb_css_mix_blend_mode_passthrough\"><div class=\"et_pb_image_1 et_pb_image et_pb_module et_block_module\"><span class=\"et_pb_image_wrap\"><img decoding=\"async\" data-src=\"https:\/\/coraliemonpontet.com\/wp-content\/uploads\/2025\/09\/Logo-Layat-Cercle-Noir-scaled.png\" width=\"2560\" height=\"2560\" data-srcset=\"https:\/\/coraliemonpontet.com\/wp-content\/uploads\/2025\/09\/Logo-Layat-Cercle-Noir-scaled.png 2560w, https:\/\/coraliemonpontet.com\/wp-content\/uploads\/2025\/09\/Logo-Layat-Cercle-Noir-1280x1280.png 1280w, https:\/\/coraliemonpontet.com\/wp-content\/uploads\/2025\/09\/Logo-Layat-Cercle-Noir-980x980.png 980w, https:\/\/coraliemonpontet.com\/wp-content\/uploads\/2025\/09\/Logo-Layat-Cercle-Noir-480x480.png 480w\" data-sizes=\"(min-width: 0px) and (max-width: 480px) 480px, (min-width: 481px) and (max-width: 980px) 980px, (min-width: 981px) and (max-width: 1280px) 1280px, (min-width: 1281px) 2560px, 100vw\" class=\"wp-image-29950 lazyload\" title=\"Logo Layat Cercle Noir\" src=\"data:image\/svg+xml;base64,PHN2ZyB3aWR0aD0iMSIgaGVpZ2h0PSIxIiB4bWxucz0iaHR0cDovL3d3dy53My5vcmcvMjAwMC9zdmciPjwvc3ZnPg==\" style=\"--smush-placeholder-width: 2560px; --smush-placeholder-aspect-ratio: 2560\/2560;\" \/><\/span><\/div><\/div><\/div><div class=\"et_pb_row_3 et_pb_row et_block_row\"><div class=\"et_pb_column_5 et_pb_column et_pb_column_1_2 et_block_column et_pb_css_mix_blend_mode_passthrough\"><div class=\"et_pb_image_2 et_pb_image et_pb_module et_block_module\"><span class=\"et_pb_image_wrap\"><img decoding=\"async\" data-src=\"https:\/\/coraliemonpontet.com\/wp-content\/uploads\/2025\/09\/coralie-monpontet-savoir-faire-graphiste-illustratrice-ferme-de-layat-auvergne.png\" width=\"1280\" height=\"1120\" data-srcset=\"https:\/\/coraliemonpontet.com\/wp-content\/uploads\/2025\/09\/coralie-monpontet-savoir-faire-graphiste-illustratrice-ferme-de-layat-auvergne.png 1280w, https:\/\/coraliemonpontet.com\/wp-content\/uploads\/2025\/09\/coralie-monpontet-savoir-faire-graphiste-illustratrice-ferme-de-layat-auvergne-980x858.png 980w, https:\/\/coraliemonpontet.com\/wp-content\/uploads\/2025\/09\/coralie-monpontet-savoir-faire-graphiste-illustratrice-ferme-de-layat-auvergne-480x420.png 480w\" data-sizes=\"(min-width: 0px) and (max-width: 480px) 480px, (min-width: 481px) and (max-width: 980px) 980px, (min-width: 981px) 1280px, 100vw\" class=\"wp-image-29949 lazyload\" title=\"coralie monpontet savoir-faire graphiste illustratrice ferme de layat auvergne\" src=\"data:image\/svg+xml;base64,PHN2ZyB3aWR0aD0iMSIgaGVpZ2h0PSIxIiB4bWxucz0iaHR0cDovL3d3dy53My5vcmcvMjAwMC9zdmciPjwvc3ZnPg==\" style=\"--smush-placeholder-width: 1280px; --smush-placeholder-aspect-ratio: 1280\/1120;\" \/><\/span><\/div><\/div><div class=\"et_pb_column_6 et_pb_column et_pb_column_1_2 et-last-child et_block_column et_pb_css_mix_blend_mode_passthrough\"><div class=\"et_pb_text_4 et_pb_text et_pb_bg_layout_light et_pb_module et_block_module\"><div class=\"et_pb_text_inner\"><h3>Cr\u00e9ation du site internet<\/h3>\n<p>La ferme de Layat poss\u00e9dait d\u00e9j\u00e0 un site internet r\u00e9alis\u00e9 sur Wix et puisque Nathalie \u00e9tait famili\u00e8re avec cette plateforme, nous avons construit le nouveau site sur la base de l'ancien.<\/p>\n<p>La cr\u00e9ation de l'identit\u00e9 visuelle au pr\u00e9alable a permis d'apporter rapidement une coh\u00e9rence visuelle sur le site.<\/p>\n<p>Nous avons longuement \u00e9chang\u00e9 avec St\u00e9phane et Nathalie sur ce qui \u00e9tait bon de partager sur le site, l'importance de leurs valeurs et de leur engagement mais aussi l'acc\u00e8s aux horaires d'ouverture de la boutique, les informations sur le b\u00e9n\u00e9volat et le panel de produits qu'ils proposent.<\/p>\n<p>J'avais envie que le site repr\u00e9sente l'accueil chaleureux et la g\u00e9n\u00e9rosit\u00e9 de St\u00e9phane et Nathalie et les illustrations qui jonchent le site apportent cela.<\/p>\n<\/div><\/div><\/div><\/div><\/div><div class=\"et_pb_section_3 et_pb_section et_section_regular et_block_section\"><div class=\"et_pb_row_4 et_pb_row et_block_row\"><div class=\"et_pb_column_7 et_pb_column et_pb_column_4_4 et-last-child et_block_column et_pb_css_mix_blend_mode_passthrough\"><div class=\"et_pb_text_5 et_pb_text et_pb_bg_layout_light et_pb_module et_block_module\"><div class=\"et_pb_text_inner\"><h3 style=\"text-align: center;\">Graphic design<\/h3>\n<p style=\"text-align: center;\">J'ai cr\u00e9\u00e9 une nouvelle carte de visite et actualis\u00e9 le bon de commande puis j'ai cr\u00e9\u00e9 de nouvelles illustrations pour permettre \u00e0 Nathalie de cr\u00e9er des \u00e9tiquettes personnalis\u00e9es pour ses confitures et soupes vendues dans leur boutique.<\/p>\n<p style=\"text-align: center;\">En suivant la charte graphique, elle a pu cr\u00e9er une collection de nouvelles \u00e9tiquettes avec une coh\u00e9rence visuelle.<\/p>\n<\/div><\/div><\/div><\/div><div class=\"et_pb_row_5 et_pb_row et_pb_gutters2 et_block_row\"><div class=\"et_pb_column_8 et_pb_column et_pb_column_1_2 et_block_column et_pb_css_mix_blend_mode_passthrough\"><div class=\"et_pb_image_3 et_pb_image et_animated et_pb_module et_block_module\"><span class=\"et_pb_image_wrap\"><img decoding=\"async\" data-src=\"https:\/\/coraliemonpontet.com\/wp-content\/uploads\/2025\/09\/bons-de-commande-layat@025x.png\" width=\"1157\" height=\"747\" data-srcset=\"https:\/\/coraliemonpontet.com\/wp-content\/uploads\/2025\/09\/bons-de-commande-layat@025x.png 1157w, https:\/\/coraliemonpontet.com\/wp-content\/uploads\/2025\/09\/bons-de-commande-layat@025x-980x633.png 980w, https:\/\/coraliemonpontet.com\/wp-content\/uploads\/2025\/09\/bons-de-commande-layat@025x-480x310.png 480w\" data-sizes=\"(min-width: 0px) and (max-width: 480px) 480px, (min-width: 481px) and (max-width: 980px) 980px, (min-width: 981px) 1157px, 100vw\" class=\"wp-image-29959 lazyload\" title=\"bons de commande layat@0,25x\" src=\"data:image\/svg+xml;base64,PHN2ZyB3aWR0aD0iMSIgaGVpZ2h0PSIxIiB4bWxucz0iaHR0cDovL3d3dy53My5vcmcvMjAwMC9zdmciPjwvc3ZnPg==\" style=\"--smush-placeholder-width: 1157px; --smush-placeholder-aspect-ratio: 1157\/747;\" \/><\/span><\/div><\/div><div class=\"et_pb_column_9 et_pb_column et_pb_column_1_2 et-last-child et_block_column et_pb_css_mix_blend_mode_passthrough\"><div class=\"et_pb_image_4 et_pb_image et_pb_module et_block_module\"><span class=\"et_pb_image_wrap\"><img decoding=\"async\" data-src=\"https:\/\/coraliemonpontet.com\/wp-content\/uploads\/2025\/09\/carte-de-visite-layat-coralie-monpontet-copie@025x.png\" width=\"1157\" height=\"747\" data-srcset=\"https:\/\/coraliemonpontet.com\/wp-content\/uploads\/2025\/09\/carte-de-visite-layat-coralie-monpontet-copie@025x.png 1157w, https:\/\/coraliemonpontet.com\/wp-content\/uploads\/2025\/09\/carte-de-visite-layat-coralie-monpontet-copie@025x-980x633.png 980w, https:\/\/coraliemonpontet.com\/wp-content\/uploads\/2025\/09\/carte-de-visite-layat-coralie-monpontet-copie@025x-480x310.png 480w\" data-sizes=\"(min-width: 0px) and (max-width: 480px) 480px, (min-width: 481px) and (max-width: 980px) 980px, (min-width: 981px) 1157px, 100vw\" class=\"wp-image-29956 lazyload\" title=\"carte de visite layat coralie monpontet copie@0,25x\" src=\"data:image\/svg+xml;base64,PHN2ZyB3aWR0aD0iMSIgaGVpZ2h0PSIxIiB4bWxucz0iaHR0cDovL3d3dy53My5vcmcvMjAwMC9zdmciPjwvc3ZnPg==\" style=\"--smush-placeholder-width: 1157px; --smush-placeholder-aspect-ratio: 1157\/747;\" \/><\/span><\/div><\/div><\/div><\/div>","protected":false},"excerpt":{"rendered":"","protected":false},"author":1,"featured_media":29960,"comment_status":"closed","ping_status":"closed","template":"","meta":{"footnotes":""},"project_category":[2,4,35,33,3],"project_tag":[],"class_list":["post-234","project","type-project","status-publish","has-post-thumbnail","hentry","project_category-graphisme","project_category-identite-visuelle","project_category-illustration","project_category-logo","project_category-site-internet"],"jetpack_sharing_enabled":true,"_links":{"self":[{"href":"https:\/\/coraliemonpontet.com\/en\/wp-json\/wp\/v2\/project\/234","targetHints":{"allow":["GET"]}}],"collection":[{"href":"https:\/\/coraliemonpontet.com\/en\/wp-json\/wp\/v2\/project"}],"about":[{"href":"https:\/\/coraliemonpontet.com\/en\/wp-json\/wp\/v2\/types\/project"}],"author":[{"embeddable":true,"href":"https:\/\/coraliemonpontet.com\/en\/wp-json\/wp\/v2\/users\/1"}],"replies":[{"embeddable":true,"href":"https:\/\/coraliemonpontet.com\/en\/wp-json\/wp\/v2\/comments?post=234"}],"version-history":[{"count":8,"href":"https:\/\/coraliemonpontet.com\/en\/wp-json\/wp\/v2\/project\/234\/revisions"}],"predecessor-version":[{"id":30254,"href":"https:\/\/coraliemonpontet.com\/en\/wp-json\/wp\/v2\/project\/234\/revisions\/30254"}],"wp:featuredmedia":[{"embeddable":true,"href":"https:\/\/coraliemonpontet.com\/en\/wp-json\/wp\/v2\/media\/29960"}],"wp:attachment":[{"href":"https:\/\/coraliemonpontet.com\/en\/wp-json\/wp\/v2\/media?parent=234"}],"wp:term":[{"taxonomy":"project_category","embeddable":true,"href":"https:\/\/coraliemonpontet.com\/en\/wp-json\/wp\/v2\/project_category?post=234"},{"taxonomy":"project_tag","embeddable":true,"href":"https:\/\/coraliemonpontet.com\/en\/wp-json\/wp\/v2\/project_tag?post=234"}],"curies":[{"name":"wp","href":"https:\/\/api.w.org\/{rel}","templated":true}]}}

<div class="et_pb_section_0 et_pb_section et_section_regular et_block_section"><div class="et_pb_row_0 et_pb_row et_block_row"><div class="et_pb_column_0 et_pb_column et_pb_column_4_4 et-last-child et_block_column et_pb_css_mix_blend_mode_passthrough"><div class="et_pb_image_0 et_pb_image et_pb_module et_block_module"><span class="et_pb_image_wrap"><img decoding="async" data-src="https://coraliemonpontet.com/wp-content/uploads/2025/09/ferme-de-layat-logo-photo.png" title="ferme de layat logo photo" width="1039" height="685" data-srcset="https://coraliemonpontet.com/wp-content/uploads/2025/09/ferme-de-layat-logo-photo.png 1039w, https://coraliemonpontet.com/wp-content/uploads/2025/09/ferme-de-layat-logo-photo-980x646.png 980w, https://coraliemonpontet.com/wp-content/uploads/2025/09/ferme-de-layat-logo-photo-480x316.png 480w" data-sizes="(min-width: 0px) and (max-width: 480px) 480px, (min-width: 481px) and (max-width: 980px) 980px, (min-width: 981px) 1039px, 100vw" class="wp-image-29960 lazyload" src="data:image/svg+xml;base64,PHN2ZyB3aWR0aD0iMSIgaGVpZ2h0PSIxIiB4bWxucz0iaHR0cDovL3d3dy53My5vcmcvMjAwMC9zdmciPjwvc3ZnPg==" style="--smush-placeholder-width: 1039px; --smush-placeholder-aspect-ratio: 1039/685;" /></span></div></div></div></div><div class="et_pb_section_1 et_pb_section et_section_regular et_block_section"><div class="et_pb_row_1 et_pb_row et_block_row"><div class="et_pb_column_1 et_pb_column et_pb_column_1_2 et_block_column et_pb_css_mix_blend_mode_passthrough"><div class="et_pb_text_0 et_pb_text et_pb_bg_layout_light et_pb_module et_block_module"><div class="et_pb_text_inner"><h1>FERME DE LAYAT, agro écologie</h1>
<p>Aliquam convallis sollicitudin purus. Praesent aliquam, enim at fermentum mollis, ligula massa adipiscing nisl, ac euismod nibh nisl eu lectus. Fusce vulputate sem at sapien. Vivamus leo. Aliquam euismod libero eu enim. Nulla nec felis sed leo placerat imperdiet. Aenean suscipit nulla in justo. Suspendisse cursus rutrum augue. Nulla tincidunt tincidunt mi. Curabitur iaculis, lorem vel rhoncus faucibus, felis magna fermentum augue, et ultricies lacus lorem varius purus. Curabitur eu amet.</p>
</div></div></div><div class="et_pb_column_2 et_pb_column et_pb_column_1_2 et-last-child et_block_column et_pb_css_mix_blend_mode_passthrough"><div class="et_pb_text_1 et_pb_text et_pb_bg_layout_light et_pb_module et_block_module"><div class="et_pb_text_inner"><h2 id="fancy-title-9" class="mk-fancy-title simple-style color-single">CLIENT</h2>
<p class="mk-fancy-title simple-style color-single">Ferme de Layat, ferme agro-logique</p>
</div></div><div class="et_pb_text_2 et_pb_text et_pb_bg_layout_light et_pb_module et_block_module"><div class="et_pb_text_inner"><h2>SERVICES</h2>
<p>Identité visuelle / logo / site web / illustration</p>
</div></div></div></div></div><div class="et_pb_section_2 et_pb_section et_section_regular et_block_section"><div class="et_pb_row_2 et_pb_row et_block_row"><div class="et_pb_column_3 et_pb_column et_pb_column_1_2 et_block_column et_pb_css_mix_blend_mode_passthrough"><div class="et_pb_text_3 et_pb_text et_pb_bg_layout_light et_pb_module et_block_module"><div class="et_pb_text_inner"><h3>Création du logo</h3>
<p>Pour la ferme de Layat, le logo est non seulement présent sur leurs réseaux sociaux mais aussi sur leurs produits. Il fallait un logo simple et épuré qui puisse se décliner pour tes petits et grands supports. </p>
<p>Une bonne partie du système agricole de la ferme repose sur l'agro foresterie, l'importance de l'arbre. Il est symbolisé à travers le Y au centre de Layat. Le cercle vient amener l'idée d'énergie circulaire, circuit court et cycle de la vie respecté mais le cercle est ouvert vers le ciel pour la respiration, l'ouverture d'esprit pour grandir.</p>
</div></div></div><div class="et_pb_column_4 et_pb_column et_pb_column_1_2 et-last-child et_block_column et_pb_css_mix_blend_mode_passthrough"><div class="et_pb_image_1 et_pb_image et_pb_module et_block_module"><span class="et_pb_image_wrap"><img decoding="async" data-src="https://coraliemonpontet.com/wp-content/uploads/2025/09/Logo-Layat-Cercle-Noir-scaled.png" width="2560" height="2560" data-srcset="https://coraliemonpontet.com/wp-content/uploads/2025/09/Logo-Layat-Cercle-Noir-scaled.png 2560w, https://coraliemonpontet.com/wp-content/uploads/2025/09/Logo-Layat-Cercle-Noir-1280x1280.png 1280w, https://coraliemonpontet.com/wp-content/uploads/2025/09/Logo-Layat-Cercle-Noir-980x980.png 980w, https://coraliemonpontet.com/wp-content/uploads/2025/09/Logo-Layat-Cercle-Noir-480x480.png 480w" data-sizes="(min-width: 0px) and (max-width: 480px) 480px, (min-width: 481px) and (max-width: 980px) 980px, (min-width: 981px) and (max-width: 1280px) 1280px, (min-width: 1281px) 2560px, 100vw" class="wp-image-29950 lazyload" title="Logo Layat Cercle Noir" src="data:image/svg+xml;base64,PHN2ZyB3aWR0aD0iMSIgaGVpZ2h0PSIxIiB4bWxucz0iaHR0cDovL3d3dy53My5vcmcvMjAwMC9zdmciPjwvc3ZnPg==" style="--smush-placeholder-width: 2560px; --smush-placeholder-aspect-ratio: 2560/2560;" /></span></div></div></div><div class="et_pb_row_3 et_pb_row et_block_row"><div class="et_pb_column_5 et_pb_column et_pb_column_1_2 et_block_column et_pb_css_mix_blend_mode_passthrough"><div class="et_pb_image_2 et_pb_image et_pb_module et_block_module"><span class="et_pb_image_wrap"><img decoding="async" data-src="https://coraliemonpontet.com/wp-content/uploads/2025/09/coralie-monpontet-savoir-faire-graphiste-illustratrice-ferme-de-layat-auvergne.png" width="1280" height="1120" data-srcset="https://coraliemonpontet.com/wp-content/uploads/2025/09/coralie-monpontet-savoir-faire-graphiste-illustratrice-ferme-de-layat-auvergne.png 1280w, https://coraliemonpontet.com/wp-content/uploads/2025/09/coralie-monpontet-savoir-faire-graphiste-illustratrice-ferme-de-layat-auvergne-980x858.png 980w, https://coraliemonpontet.com/wp-content/uploads/2025/09/coralie-monpontet-savoir-faire-graphiste-illustratrice-ferme-de-layat-auvergne-480x420.png 480w" data-sizes="(min-width: 0px) and (max-width: 480px) 480px, (min-width: 481px) and (max-width: 980px) 980px, (min-width: 981px) 1280px, 100vw" class="wp-image-29949 lazyload" title="coralie monpontet savoir-faire graphiste illustratrice ferme de layat auvergne" src="data:image/svg+xml;base64,PHN2ZyB3aWR0aD0iMSIgaGVpZ2h0PSIxIiB4bWxucz0iaHR0cDovL3d3dy53My5vcmcvMjAwMC9zdmciPjwvc3ZnPg==" style="--smush-placeholder-width: 1280px; --smush-placeholder-aspect-ratio: 1280/1120;" /></span></div></div><div class="et_pb_column_6 et_pb_column et_pb_column_1_2 et-last-child et_block_column et_pb_css_mix_blend_mode_passthrough"><div class="et_pb_text_4 et_pb_text et_pb_bg_layout_light et_pb_module et_block_module"><div class="et_pb_text_inner"><h3>Création du site internet</h3>
<p>La ferme de Layat possédait déjà un site internet réalisé sur Wix et puisque Nathalie était familière avec cette plateforme, nous avons construit le nouveau site sur la base de l'ancien.</p>
<p>La création de l'identité visuelle au préalable a permis d'apporter rapidement une cohérence visuelle sur le site.</p>
<p>Nous avons longuement échangé avec Stéphane et Nathalie sur ce qui était bon de partager sur le site, l'importance de leurs valeurs et de leur engagement mais aussi l'accès aux horaires d'ouverture de la boutique, les informations sur le bénévolat et le panel de produits qu'ils proposent.</p>
<p>J'avais envie que le site représente l'accueil chaleureux et la générosité de Stéphane et Nathalie et les illustrations qui jonchent le site apportent cela.</p>
</div></div></div></div></div><div class="et_pb_section_3 et_pb_section et_section_regular et_block_section"><div class="et_pb_row_4 et_pb_row et_block_row"><div class="et_pb_column_7 et_pb_column et_pb_column_4_4 et-last-child et_block_column et_pb_css_mix_blend_mode_passthrough"><div class="et_pb_text_5 et_pb_text et_pb_bg_layout_light et_pb_module et_block_module"><div class="et_pb_text_inner"><h3 style="text-align: center;">Graphic design</h3>
<p style="text-align: center;">J'ai créé une nouvelle carte de visite et actualisé le bon de commande puis j'ai créé de nouvelles illustrations pour permettre à Nathalie de créer des étiquettes personnalisées pour ses confitures et soupes vendues dans leur boutique.</p>
<p style="text-align: center;">En suivant la charte graphique, elle a pu créer une collection de nouvelles étiquettes avec une cohérence visuelle.</p>
</div></div></div></div><div class="et_pb_row_5 et_pb_row et_pb_gutters2 et_block_row"><div class="et_pb_column_8 et_pb_column et_pb_column_1_2 et_block_column et_pb_css_mix_blend_mode_passthrough"><div class="et_pb_image_3 et_pb_image et_animated et_pb_module et_block_module"><span class="et_pb_image_wrap"><img decoding="async" data-src="https://coraliemonpontet.com/wp-content/uploads/2025/09/bons-de-commande-layat@025x.png" width="1157" height="747" data-srcset="https://coraliemonpontet.com/wp-content/uploads/2025/09/bons-de-commande-layat@025x.png 1157w, https://coraliemonpontet.com/wp-content/uploads/2025/09/bons-de-commande-layat@025x-980x633.png 980w, https://coraliemonpontet.com/wp-content/uploads/2025/09/bons-de-commande-layat@025x-480x310.png 480w" data-sizes="(min-width: 0px) and (max-width: 480px) 480px, (min-width: 481px) and (max-width: 980px) 980px, (min-width: 981px) 1157px, 100vw" class="wp-image-29959 lazyload" title="bons de commande layat@0,25x" src="data:image/svg+xml;base64,PHN2ZyB3aWR0aD0iMSIgaGVpZ2h0PSIxIiB4bWxucz0iaHR0cDovL3d3dy53My5vcmcvMjAwMC9zdmciPjwvc3ZnPg==" style="--smush-placeholder-width: 1157px; --smush-placeholder-aspect-ratio: 1157/747;" /></span></div></div><div class="et_pb_column_9 et_pb_column et_pb_column_1_2 et-last-child et_block_column et_pb_css_mix_blend_mode_passthrough"><div class="et_pb_image_4 et_pb_image et_pb_module et_block_module"><span class="et_pb_image_wrap"><img decoding="async" data-src="https://coraliemonpontet.com/wp-content/uploads/2025/09/carte-de-visite-layat-coralie-monpontet-copie@025x.png" width="1157" height="747" data-srcset="https://coraliemonpontet.com/wp-content/uploads/2025/09/carte-de-visite-layat-coralie-monpontet-copie@025x.png 1157w, https://coraliemonpontet.com/wp-content/uploads/2025/09/carte-de-visite-layat-coralie-monpontet-copie@025x-980x633.png 980w, https://coraliemonpontet.com/wp-content/uploads/2025/09/carte-de-visite-layat-coralie-monpontet-copie@025x-480x310.png 480w" data-sizes="(min-width: 0px) and (max-width: 480px) 480px, (min-width: 481px) and (max-width: 980px) 980px, (min-width: 981px) 1157px, 100vw" class="wp-image-29956 lazyload" title="carte de visite layat coralie monpontet copie@0,25x" src="data:image/svg+xml;base64,PHN2ZyB3aWR0aD0iMSIgaGVpZ2h0PSIxIiB4bWxucz0iaHR0cDovL3d3dy53My5vcmcvMjAwMC9zdmciPjwvc3ZnPg==" style="--smush-placeholder-width: 1157px; --smush-placeholder-aspect-ratio: 1157/747;" /></span></div></div></div></div>
